15
Let h(m) = 4*m - 15. Let b be h(4). Calculate the highest common divisor of b and 9.
1
Let t(c) = c**3 + 8*c**2 + 6. Let p = -13 - -5. Let y be t(p). Let g be (-364)/(-20) - 1/5. Calculate the highest common factor of y and g.
6
Suppose 4*h = -3*w + 32, w - 2*w + 4 = 0. Suppose -1 - h = 2*n. Let y be -6*(-1 - (-5)/n). Calculate the greatest common divisor of y and 24.
8
Let a(t) = t - 2. Let y be a(5). Suppose 0 = -y*m - 0 + 60. Suppose 3*d + m = 7*d. Calculate the highest common factor of 25 and d.
5
Let r = 7 - 9. Let b be (-1141)/(-77) - r/11. What is the greatest common factor of b and 90?
15
Let t be 1/((5/(-9))/(-5)). Let c = 3 + t. Calculate the highest common divisor of c and 36.
12
Suppose -2*d = -6*d - 4*w + 204, 3*d + 2*w - 156 = 0. What is the highest common factor of 135 and d?
27
Let v(u) = 2*u**2 + 8*u + 2. Let i be v(-9). Calculate the highest common factor of i and 23.
23
Suppose 278 = 3*b - 547. Calculate the highest common divisor of b and 25.
25
Let r = 23 + -13. Suppose 3*d - 2*a = -r, a - 4 = -d + 1. Suppose w + 4*w - 60 = d. What is the highest common factor of 60 and w?
12
Let j be (3/(-1))/(3/(-31)). What is the highest common factor of j and 31?
31
Let d be (-10)/1*(-4)/(-10). Let g = 1 - d. Suppose 36 - 161 = -2*o + 5*u, -5*o + 263 = 4*u. Calculate the greatest common factor of o and g.
5
Let x(a) = a**3 - 6*a**2 - 5*a - 3. Let h(g) = 3*g - 5. Let n be h(4). Let b be x(n). Calculate the highest common factor of b and 99.
11
Let n = -26 - -17. Let q be (n/3)/((-1)/2). Let z = 9 + -3. What is the highest common divisor of z and q?
6
Let s be (2/(-2) + 4)*2. Let w be ((-12)/2)/(9 - 7). Let j be w/(-6) + 83/2. Calculate the greatest common divisor of j and s.
6
Let y = -274 + 276. Suppose 3*w - 45 = -15. What is the greatest common factor of y and w?
2
Let i(x) = -x**2 - 14*x + 5. Let o be i(-14). What is the highest common factor of o and 10?
5
Let w = -5 + 4. Let m be w + 0 + (-170)/(-2). What is the greatest common factor of m and 12?
12
Suppose -3*x - 9 + 30 = 0. Let t = 23 - x. Let m be (14/(-8))/((-4)/t). Calculate the highest common divisor of m and 56.
7
Let u(s) = -s**3 + 9*s**2 - 7*s - 2. Let m be u(6). Suppose -23*b + 96 = -11*b. Calculate the highest common divisor of b and m.
8
Let k(v) = -2*v - 6. Let s be k(-4). Suppose 5 = z + 5*y, -s*y + y = -2*z + 32. Calculate the greatest common factor of 135 and z.
15
Let k = -27 - -38. Let i(w) = 0*w**2 + k*w**3 + w - 2*w**2 - 5*w**3. Let m be i(1). Calculate the greatest common divisor of 15 and m.
5
Suppose 3*n = 4*t + 4246 - 649, 4*t - 5963 = -5*n. Let v be n/25 - (-3)/15. Let c be 1/1 - (0 - 11). What is the greatest common factor of v and c?
12
Let p be (-6)/(((-6)/16)/1). What is the highest common divisor of 8 and p?
8
Suppose 3*p + 267 = 3*t, 6*t - p = 2*t + 347. Suppose -n + 11 = t. Let b be 5/(n/24)*-60. What is the highest common divisor of b and 12?
12
Let y(n) = 6*n**2 + n - 1. Let b be y(-3). Suppose -30 = k - 4*k. What is the greatest common divisor of b and k?
10
Suppose 5*g + 2 - 7 = 0. Let t(k) = 7*k**3 - k**2. Let m be t(g). Let z be (m/15)/((-2)/(-10)). What is the greatest common divisor of 14 and z?
2
Suppose -35 = 5*h + 15. Let a be 1/(2/(-8) + 0). Let y = a - h. Calculate the highest common divisor of 66 and y.
6
Suppose 7*i - 63 - 28 = 0. Calculate the greatest common divisor of i and 65.
13
Suppose -6*y - 236 + 350 = 0. Let m = 91 - 34. What is the highest common divisor of m and y?
19
Suppose 2*n = 5*j - 132, 6*j - 144 = j - n. Calculate the highest common factor of 98 and j.
14
Suppose -3*v - v + 4 = 0. Suppose 4*o - 3*o - 1 = 0. What is the highest common divisor of o and v?
1
Let f be (-2)/4 + (-75)/(-2). Let z = f + -26. What is the highest common divisor of z and 88?
11
Let z(s) = 2*s - 6. Let h be z(6). Suppose -3*v + 73 + 114 = 4*x, -133 = -2*v - x. Let k be (2 - 3) + v + -2. What is the greatest common factor of k and h?
6
Suppose 4*n - 20 = -4*d, -5*d + 0*n = 4*n - 22. Suppose w - d = -0*w. Let k = 4 - w. Calculate the greatest common divisor of k and 4.
2
Let g = 39 + -15. Let v be 0/(4*1/2). Suppose v = -5*n + 157 + 23. What is the greatest common factor of g and n?
12
Suppose -5*a = -3*a + 8, -2*a = 4*j - 28. Let t be (-2 + j/3)/(-1). Let d be 0 - (4/(-2) - t). What is the highest common divisor of d and 2?
1
Let x(d) = -d**2 - 2*d + 2. Let z be x(-2). Let n(j) = -6*j + 0*j + 2*j - z. Let p be n(-5). Calculate the highest common factor of 162 and p.
18
Suppose -101 = -7*l + 2*l + 2*m, -4*l + 4*m = -76. Suppose 4*p - p = 0. Suppose -9 = 2*y - 4*y + g, 2*g - 10 = p. What is the greatest common factor of l and y?
7
Let r be (-16)/72 - (-86)/(-18). Let a be (5/r)/(2/(-24)). Calculate the greatest common divisor of 48 and a.
12
Let l(f) = f**2 + 4*f - 7. Let p be l(-5). Let q = 6 - p. Let u = 15 - 7. What is the greatest common divisor of u and q?
8
Let i = 49 + -29. What is the greatest common divisor of 5 and i?
5
Suppose -1133 - 1727 = -4*b. Suppose -5*u = -0*u - b. Calculate the highest common divisor of u and 13.
13
Suppose 0 = 3*y + u - 13, -5*u + 9 = -y + 2*y. Suppose 0 = -y*a + 11 + 5. Calculate the highest common divisor of 16 and a.
4
Suppose -6 = -2*i - 98. Let o = i - -67. What is the highest common divisor of o and 21?
21
Suppose 4*q - 4*z - 100 = 0, -4*q + 0*q + 114 = 3*z. Let r = q - 15. What is the highest common factor of r and 8?
4
Let l(x) = 4*x**2 - 1. Let f be l(2). Calculate the highest common factor of f and 135.
15
Let o be 3/(1/(8/6)). Let g(n) = 2*n**3 - 4*n**2 + 2*n. Let y be g(2). Suppose y = f - o. Calculate the highest common divisor of f and 12.
4
Suppose -5*z - 5*c - 65 = -375, -z - 2*c + 64 = 0. Suppose -3*p = 4*n - 3*n - 12, 24 = 2*n + 4*p. Calculate the highest common factor of n and z.
12
Suppose 4*y - 2*q - 10 = 42, 0 = 3*y + 4*q - 39. What is the greatest common factor of 13 and y?
13
Suppose w - 644 = -5*x, 3*x + 0*x - 368 = 4*w. Let b be 4/10 + (-234)/(-15). Calculate the greatest common factor of b and x.
16
Let r(o) = o**2 + 2*o - 3. Let y be r(-5). Let t be (-1)/((-3)/(-18)) - -2. Let x be (2/t)/(1/(-24)). Calculate the greatest common divisor of x and y.
12
Let j(y) = -y**2 - 21*y - 39. Let w be j(-18). Calculate the highest common factor of w and 45.
15
Let j(n) = n - 1. Let m be j(6). Let x be (2/(-1))/(-4)*-62. Let q = x - -66. What is the highest common factor of m and q?
5
Suppose 4*f - 12 - 8 = 0. Let k(n) = 12*n**2 + 1. Let c be k(-1). Let m = 28 - c. Calculate the highest common factor of m and f.
5
Suppose -1280 = -8*o + 3*o. Calculate the highest common factor of o and 32.
32
Let v be (-10 - -24) + 0/(-3). Let s = -6 - -3. Let r = s + v. Calculate the greatest common factor of r and 88.
11
Suppose -m = m - 156. Calculate the greatest common factor of m and 13.
13
Suppose 0 = -0*c - c, -2*c = i - 6. Suppose 2*q + 0*q = -4*s + 32, s + 10 = q. What is the highest common divisor of q and i?
6
Suppose 34 = 2*t - 58. Suppose -g + t = 4. Let h be 7/(-1*(-2)/4). Calculate the greatest common divisor of h and g.
14
Suppose 1 = -a, -k + 0*a + 14 = -2*a. What is the highest common divisor of 24 and k?
12
Let x be 4/(-14) - 10/14. Suppose n + 3*n = 0. Let u be 12 + (x - n) + -2. Calculate the highest common factor of 99 and u.
9
Let u = 34 + -20. Let q = u - 8. What is the highest common factor of q and 18?
6
Suppose 5*a - 2*a + 3*d = -3, 3*d + 3 = 5*a. Let h(r) = r**2 + 31. Let g be h(a). Suppose -2*u - g = -141. Calculate the greatest common divisor of 22 and u.
11
Let j = -7 + 11. Let g = j - -2. Let k(b) = b**3 + 5*b**2 + 3*b - 1. Let x be k(-4). What is the highest common divisor of x and g?
3
Let o be (2/3)/(4/18). Let s(d) = 3*d**2 - d. Let f be s(1). Suppose -f*t + 7*t - 4*n = 127, t - n - 25 = 0. Calculate the greatest common factor of t and o.
3
Let q = 52 + -20. What is the greatest common divisor of 80 and q?
16
Let h be (0 - 3/(-2))/((-10)/(-520)). Calculate the highest common factor of h and 26.
26
Let k = -19 + 22. Suppose -o + t + 71 = 2*t, 0 = 3*o - k*t - 183. Suppose -5*g = 20, -10 + 0 = -5*x - 5*g. Calculate the highest common factor of o and x.
6
Let u(n) = -n**2 - 7*n + 8. Let d be u(-8). Suppose d = f - 5*f + 20. What is the highest common divisor of f and 55?
5